{"id":176,"date":"2020-06-29T21:34:46","date_gmt":"2020-06-29T21:34:46","guid":{"rendered":"http:\/\/hausveenstra.de\/?page_id=176"},"modified":"2022-02-26T11:21:51","modified_gmt":"2022-02-26T11:21:51","slug":"kulinarisch","status":"publish","type":"page","link":"https:\/\/hausveenstra.de\/?page_id=176","title":{"rendered":"Kulinarisch"},"content":{"rendered":"<p><!--StartFragment--><\/p>\n\n\n<p>Gem\u00fctlich Essen , den Tag ausklingen lassen oder den Ausblick von Rheinland-Pfalz h\u00f6chste Terrasse genie\u00dfen im Schatten der N\u00fcrburg.  <\/p>\n\n\n\n<p><a href=\"http:\/\/zur-nuerburg.de\/\">http:\/\/zur-nuerburg.de\/<\/a><\/p>\n\n\n<p><!--EndFragment--><\/p>\n\n\n<p>Hochklassische K\u00fcche finden Sie bei der Landk\u00fcche Daun. Bekannt aus der Sendung Mein Lokal Dein Lokal von Kabel Eins , dort siegte das Restaurant und \u00fcberzeugte mit seinem Konzept. Es sind circa 15 Kilometer bis Daun.<\/p>\n\n\n\n<figure class=\"wp-block-embed-wordpress wp-block-embed is-type-wp-embed is-provider-restaurant-landkuche-daun-eifel\"><div class=\"wp-block-embed__wrapper\">\n<blockquote class=\"wp-embedded-content\" data-secret=\"RjLFxtCi8C\"><a href=\"https:\/\/landkueche-daun.de\/\">Home<\/a><\/blockquote><iframe class=\"wp-embedded-content\" sandbox=\"allow-scripts\" security=\"restricted\" style=\"position: absolute; clip: rect(1px, 1px, 1px, 1px);\" title=\"&#8222;Home&#8220; &#8212; RESTAURANT LANDK\u00dcCHE \u00b7 Daun \/ Eifel\" src=\"https:\/\/landkueche-daun.de\/embed\/#?secret=S3wf14csMH#?secret=RjLFxtCi8C\" data-secret=\"RjLFxtCi8C\" width=\"525\" height=\"296\" frameborder=\"0\" marginwidth=\"0\" marginheight=\"0\" scrolling=\"no\"><\/iframe>\n<\/div><figcaption>https:\/\/landkueche-daun.de\/<br><br><\/figcaption><\/figure>\n","protected":false},"excerpt":{"rendered":"<p>Gem\u00fctlich Essen , den Tag ausklingen lassen oder den Ausblick von Rheinland-Pfalz h\u00f6chste Terrasse genie\u00dfen im Schatten der N\u00fcrburg. http:\/\/zur-nuerburg.de\/ Hochklassische K\u00fcche finden Sie bei der Landk\u00fcche Daun. Bekannt aus der Sendung Mein Lokal Dein Lokal von Kabel Eins , dort siegte das Restaurant und \u00fcberzeugte mit seinem Konzept. Es sind circa 15 Kilometer bis &hellip; <\/p>\n<p class=\"link-more\"><a href=\"https:\/\/hausveenstra.de\/?page_id=176\" class=\"more-link\"><span class=\"screen-reader-text\">&#8220;Kulinarisch&#8221;<\/span> verder lezen<\/a><\/p>\n","protected":false},"author":1,"featured_media":0,"parent":0,"menu_order":0,"comment_status":"closed","ping_status":"closed","template":"","meta":[],"_links":{"self":[{"href":"https:\/\/hausveenstra.de\/index.php?rest_route=\/wp\/v2\/pages\/176"}],"collection":[{"href":"https:\/\/hausveenstra.de\/index.php?rest_route=\/wp\/v2\/pages"}],"about":[{"href":"https:\/\/hausveenstra.de\/index.php?rest_route=\/wp\/v2\/types\/page"}],"author":[{"embeddable":true,"href":"https:\/\/hausveenstra.de\/index.php?rest_route=\/wp\/v2\/users\/1"}],"replies":[{"embeddable":true,"href":"https:\/\/hausveenstra.de\/index.php?rest_route=%2Fwp%2Fv2%2Fcomments&post=176"}],"version-history":[{"count":6,"href":"https:\/\/hausveenstra.de\/index.php?rest_route=\/wp\/v2\/pages\/176\/revisions"}],"predecessor-version":[{"id":462,"href":"https:\/\/hausveenstra.de\/index.php?rest_route=\/wp\/v2\/pages\/176\/revisions\/462"}],"wp:attachment":[{"href":"https:\/\/hausveenstra.de\/index.php?rest_route=%2Fwp%2Fv2%2Fmedia&parent=176"}],"curies":[{"name":"wp","href":"https:\/\/api.w.org\/{rel}","templated":true}]}}