{"id":184,"date":"2020-06-29T21:36:14","date_gmt":"2020-06-29T21:36:14","guid":{"rendered":"http:\/\/hausveenstra.de\/?page_id=184"},"modified":"2020-06-30T22:20:21","modified_gmt":"2020-06-30T22:20:21","slug":"natur-wildlife","status":"publish","type":"page","link":"https:\/\/hausveenstra.de\/?page_id=184","title":{"rendered":"Natur \/ Wildlife"},"content":{"rendered":"\n<p>Im Wild- und Erlebnispark Daun k\u00f6nnen Sie entweder zu Fu\u00df oder im Auto auf eine Safari Tour gehen. F\u00fcr Kinder gibt es hier einen riesen Spielplatz. Vor der T\u00fcr gibt es ein Rodelbahn die f\u00fcr Jung und Alt immer wieder ein sch\u00f6nes Erlebnis ist. Die Falknerei und die Affenschlucht z\u00e4hlen zu den Highlights des Parks.<\/p>\n\n\n\n<figure class=\"wp-block-embed-wordpress wp-block-embed is-type-wp-embed is-provider-wild-und-erlebnispark-daun\"><div class=\"wp-block-embed__wrapper\">\n<blockquote class=\"wp-embedded-content\" data-secret=\"GvXIaW39yd\"><a href=\"https:\/\/www.wildpark-daun.de\/\">Wildpark Eifel<\/a><\/blockquote><iframe class=\"wp-embedded-content\" sandbox=\"allow-scripts\" security=\"restricted\" style=\"position: absolute; clip: rect(1px, 1px, 1px, 1px);\" title=\"&#8222;Wildpark Eifel&#8220; &#8212; Wild- und Erlebnispark Daun\" src=\"https:\/\/www.wildpark-daun.de\/embed\/#?secret=GvXIaW39yd\" data-secret=\"GvXIaW39yd\" width=\"525\" height=\"296\" frameborder=\"0\" marginwidth=\"0\" marginheight=\"0\" scrolling=\"no\"><\/iframe>\n<\/div><\/figure>\n\n\n\n<p>Die Wasserf\u00e4lle in Nohn sind sicherlich einzigartig. Nach einen l\u00e4ngeren Spaziergang durch eine Wundersch\u00f6ne Landschaft wird man am Ende mit den Ablick des Wasserfalls belohnt.<\/p>\n\n\n\n<p><a href=\"https:\/\/www.nohn-eifel.de\/tourismus\/wasserfall\">https:\/\/www.nohn-eifel.de\/tourismus\/wasserfall<\/a><\/p>\n\n\n\n<p>Direkt neben Cochem finden Sie den Wild &amp; Freizeitpark Klotten. Hier stehen nebst Tieren auch die Attraktionen im Mittelpunkt. Den Wildwasserbahn ist sicherlich eine der Highlights des Parks.<\/p>\n\n\n\n<p><a href=\"https:\/\/www.klotti.de\/\">https:\/\/www.klotti.de\/<\/a><\/p>\n\n\n\n<p>Der Laacher See ist direkt am Benediktinerabtei Maria Laach gelegen. Der See brodelt heute noch , da der Magmakammer unterhalb des Sees noch aktiv ist.<\/p>\n\n\n\n<p><a href=\"https:\/\/www.maria-laach.de\/laacher-seetal\/see-landschaft.html\">https:\/\/www.maria-laach.de\/laacher-seetal\/see-landschaft.html<\/a><\/p>\n\n\n\n<p>Die Maare der Eifel geh\u00f6ren zu den sch\u00f6nsten Kreationen der Natur. Es kann dort gewandert werden und in manche auch geschwommen werden.<\/p>\n\n\n\n<p><a href=\"https:\/\/www.eifel.info\/natur\/vulkane\/maare-der-eifel\">https:\/\/www.eifel.info\/natur\/vulkane\/maare-der-eifel<\/a><\/p>\n\n\n\n<p><\/p>\n","protected":false},"excerpt":{"rendered":"<p>Im Wild- und Erlebnispark Daun k\u00f6nnen Sie entweder zu Fu\u00df oder im Auto auf eine Safari Tour gehen. F\u00fcr Kinder gibt es hier einen riesen Spielplatz. Vor der T\u00fcr gibt es ein Rodelbahn die f\u00fcr Jung und Alt immer wieder ein sch\u00f6nes Erlebnis ist. Die Falknerei und die Affenschlucht z\u00e4hlen zu den Highlights des Parks. &hellip; <\/p>\n<p class=\"link-more\"><a href=\"https:\/\/hausveenstra.de\/?page_id=184\" class=\"more-link\"><span class=\"screen-reader-text\">&#8220;Natur \/ Wildlife&#8221;<\/span> verder lezen<\/a><\/p>\n","protected":false},"author":1,"featured_media":0,"parent":0,"menu_order":0,"comment_status":"closed","ping_status":"closed","template":"","meta":[],"_links":{"self":[{"href":"https:\/\/hausveenstra.de\/index.php?rest_route=\/wp\/v2\/pages\/184"}],"collection":[{"href":"https:\/\/hausveenstra.de\/index.php?rest_route=\/wp\/v2\/pages"}],"about":[{"href":"https:\/\/hausveenstra.de\/index.php?rest_route=\/wp\/v2\/types\/page"}],"author":[{"embeddable":true,"href":"https:\/\/hausveenstra.de\/index.php?rest_route=\/wp\/v2\/users\/1"}],"replies":[{"embeddable":true,"href":"https:\/\/hausveenstra.de\/index.php?rest_route=%2Fwp%2Fv2%2Fcomments&post=184"}],"version-history":[{"count":5,"href":"https:\/\/hausveenstra.de\/index.php?rest_route=\/wp\/v2\/pages\/184\/revisions"}],"predecessor-version":[{"id":269,"href":"https:\/\/hausveenstra.de\/index.php?rest_route=\/wp\/v2\/pages\/184\/revisions\/269"}],"wp:attachment":[{"href":"https:\/\/hausveenstra.de\/index.php?rest_route=%2Fwp%2Fv2%2Fmedia&parent=184"}],"curies":[{"name":"wp","href":"https:\/\/api.w.org\/{rel}","templated":true}]}}